 factor of 4250 and 4175?
25
Calculate the greatest common divisor of 4944 and 48.
48
Calculate the greatest common factor of 1695 and 12151455.
1695
What is the greatest common factor of 635 and 37846?
127
What is the highest common divisor of 2700 and 37530?
270
Calculate the highest common factor of 2443 and 5.
1
What is the greatest common divisor of 242 and 483296?
22
Calculate the highest common factor of 924 and 136668.
84
What is the greatest common factor of 780705 and 1485?
135
Calculate the greatest common factor of 1134 and 37746.
162
What is the greatest common factor of 1704384 and 54?
18
What is the highest common divisor of 136779 and 1436?
359
What is the greatest common divisor of 1748 and 8464?
92
What is the greatest common divisor of 64 and 120000?
64
Calculate the greatest common factor of 12315 and 25.
5
Calculate the highest common factor of 25376 and 7137.
793
Calculate the greatest common divisor of 62 and 513608.
62
What is the greatest common divisor of 1638 and 74802?
546
What is the highest common divisor of 186987 and 471?
471
Calculate the highest common factor of 2600 and 5349500.
1300
Calculate the greatest common factor of 298928 and 3584.
112
Calculate the greatest common divisor of 88334 and 1189.
29
What is the greatest common factor of 5778 and 54356?
214
What is the greatest common divisor of 9577 and 106567?
61
What is the highest common factor of 1720 and 34768?
8
What is the highest common divisor of 4480 and 13734?
14
Calculate the greatest common divisor of 223093 and 262.
131
What is the greatest common divisor of 1872 and 1989?
117
What is the highest common factor of 472388 and 28?
28
Calculate the greatest common divisor of 20209 and 7.
7
What is the greatest common factor of 506 and 6578?
506
Calculate the highest common factor of 67 and 69010.
67
What is the highest common divisor of 52538 and 5886?
218
What is the greatest common divisor of 15616 and 366?
122
Calculate the highest common factor of 144 and 2952.
72
Calculate the highest common factor of 16624063 and 37.
37
What is the highest common divisor of 6447 and 396951?
921
Calculate the greatest common factor of 310 and 5735.
155
Calculate the greatest common divisor of 31215 and 375.
15
Calculate the highest common divisor of 14608 and 2992.
176
Calculate the highest common factor of 657814 and 43.
43
Calculate the greatest common factor of 1998030 and 24.
6
What is the greatest common factor of 93749 and 1687?
241
Calculate the highest common factor of 40068 and 1092.
84
Calculate the greatest common divisor of 8110 and 670.
10
What is the greatest common divisor of 47620 and 70?
10
Calculate the highest common factor of 27435 and 30.
15
Calculate the highest common divisor of 8188 and 13800.
92
Calculate the greatest common factor of 28 and 288330.
14
Calculate the highest common divisor of 75 and 9475.
25
What is the highest common divisor of 506 and 14996?
46
What is the greatest common factor of 27 and 5?
1
Calculate the greatest common factor of 7 and 73031.
7
What is the greatest common divisor of 325475 and 235?
235
Calculate the highest common divisor of 12307 and 11.
1
What is the greatest common factor of 186036 and 74?
74
What is the greatest common divisor of 999745 and 158?
79
Calculate the greatest common factor of 182 and 10140.
26
Calculate the highest common divisor of 6882 and 3999.
93
What is the highest common factor of 120744 and 5928?
312
Calculate the highest common factor of 249118 and 46979.
431
Calculate the highest common divisor of 68 and 191318.
34
What is the highest common factor of 165 and 34045?
55
What is the highest common divisor of 54 and 15186?
6
Calculate the greatest common factor of 115778 and 5551.
793
Calculate the highest common factor of 1151 and 11718331.
1151
Calculate the highest common factor of 3150 and 460350.
450
What is the greatest common divisor of 1593 and 66447?
27
What is the highest common factor of 15588 and 292?
4
What is the highest common factor of 570 and 90390?
30
Calculate the highest common factor of 3134 and 4.
2
Calculate the greatest common divisor of 6568 and 24.
8
What is the greatest common divisor of 11066 and 550?
22
Calculate the greatest common divisor of 403498 and 72242.
1762
Calculate the highest common factor of 5681 and 230230.
299
What is the greatest common factor of 15520 and 1680?
80
What is the highest common factor of 7151 and 3?
1
What is the greatest common factor of 43647 and 3?
3
What is the greatest common factor of 342 and 234764?
38
What is the greatest common factor of 741 and 347555?
13
Calculate the greatest common factor of 11 and 15589453.
11
What is the greatest common factor of 639680 and 320?
320
What is the highest common divisor of 2160 and 1840?
80
Calculate the highest common factor of 9855 and 4161.
219
Calculate the greatest common divisor of 962 and 4212.
26
What is the greatest common divisor of 246900 and 500?
100
Calculate the highest common divisor of 493818 and 390.
78
Calculate the highest common divisor of 1409079 and 5712.
357
What is the highest common divisor of 14300 and 30?
10
Calculate the greatest common factor of 296 and 356.
4
Calculate the greatest common factor of 86722 and 2096.
262
What is the highest common divisor of 248 and 72?
8
Calculate the highest common divisor of 1862 and 39482.
38
Calculate the highest common divisor of 26 and 749112.
26
What is the highest common factor of 4316936 and 169?
169
What is the highest common factor of 10754 and 64?
2
What is the greatest common factor of 280 and 314104?
56
Calculate the highest common factor of 189623 and 19467.
721
Calculate the greatest common divisor of 1773 and 138885.
591
What is the highest common factor of 16 and 98644?
4
What is the greatest common factor of 126246 and 15582?
318
What is the highest common factor of 3156 and 54441?
789
What is the highest common factor of 4144 and 1806266?
518
Calculate the highest common divisor of 1311 and 34155.
69
What is the greatest common divisor of 330 and 65010?
330
Calculate the highest common factor of 2584 and 116348.
68
Calculate the highest common factor of 2838 and 9174.
66
What is the highest common divisor of 77 and 432215?
7
Calculate the highest common factor of 3648 and 3904.
64
What is the greatest common divisor of 363 and 756129?
363
Calculate the highest common factor of 252 and 932508.
36
What is the greatest common divisor of 20 and 2606800?
20
Calculate the highest common factor of 265908 and 564.
12
Calculate the highest common factor of 819 and 481.
13
Calculate the greatest common divisor of 3 and 2617.
1
What is the greatest common divisor of 5518 and 19809?
31
What is the greatest common factor of 999 and 1482516?
999
Calculate the highest common factor of 324 and 59148.
36
Calculate the highest common factor of 484 and 1199.
11
What is the greatest common divisor of 138 and 2116?
46
Calculate the highest common factor of 335700 and 180.
180
Calculate the highest common divisor of 22185 and 144.
9
Calculate the highest common factor of 20 and 4020980.
20
What is the greatest common factor of 15873 and 315744?
429
Calculate the greatest common factor of 2418 and 282100.
806
What is the highest common divisor of 1337595 and 84?
21
Calculate the greatest common divisor of 414 and 65136.
138
What is the greatest common factor of 8655 and 6825?
15
What is the greatest common divisor of 4095 and 273195?
585
Calculate the greatest common factor of 228 and 5562174.
114
Calculate the greatest common divisor of 14674 and 7656.
638
Calculate the highest common divisor of 5032 and 772.
4
Calculate the highest common factor of 1701 and 120897.
63
Calculate the highest common divisor of 437 and 1403.
23
Calculate the greatest common divisor of 3 and 63585.
3
Calculate the highest common divisor of 159570 and 15.
15
Calculate the highest common divisor of 38730 and 150.
30
Calculate the greatest common divisor of 18 and 130.
2
What is the greatest common divisor of 2925 and 105975?
225
Calculate the greatest common divisor of 8 and 4644232.
8
Calculate the highest common factor of 1715 and 140.
35
Calculate the highest common factor of 21431 and 377.
29
What is the highest common divisor